vided by ((-16)/10)/(2/(-5)).
2
Calculate the remainder when -3 + 0 - 60/(-2) is divided by 14.
13
Let f(l) = -4*l + 1. Let g be f(-1). Suppose 2*y - 7*y + 245 = 0. Suppose -g*w + y = 9. Calculate the remainder when w is divided by 5.
3
Suppose -3*y + 220 = -y. Let a = 48 - 45. Suppose 0*i - 2*i = 0, -2*k = -a*i - y. What is the remainder when k is divided by 19?
17
Let c be -10 - 3/(-6)*-2. Let g be (2/(-2))/((-1)/(-23)). Let q = c - g. Calculate the remainder when 34 is divided by q.
10
Let g(a) = a**3 - 20*a**2 + 22*a - 26. What is the remainder when 91 is divided by g(19)?
29
Suppose 2*q - 4 = 6. Suppose q*k - 41 = 29. Calculate the remainder when 54 is divided by k.
12
Let z be (33/12)/(4/32). Suppose 3*k = -4*v + 107 + 35, k - 5*v = z. Calculate the remainder when k is divided by 11.
9
Let a be ((-18)/12)/(2/468). Let x = -247 - a. Let l = -49 + x. Calculate the remainder when l is divided by 19.
17
Let q = 22 + 12. Suppose -4*s - 5*c = -58, 5*s - 2*c - 50 = 3*c. Calculate the remainder when q is divided by s.
10
Suppose -19 = -4*r + 3*k, 2*r - 7*r + 4*k = -23. What is the remainder when r is divided by 2?
1
Suppose -3*w + 106 = 31. Calculate the remainder when w is divided by 0 + (-1)/(-1) + 6.
4
Let l(u) = u**3 - 6*u**2 + 5*u + 4. Calculate the remainder when 14 is divided by l(5).
2
Suppose -3*r - 39 - 9 = -5*u, 5*u - 52 = 2*r. Let b be (-2 + 1)/(1/243). What is the remainder when 10/35 + b/(-7) is divided by u?
11
Let y(x) = -53*x**3 + 2*x**2 + 3*x + 1. Let v be y(-1). Suppose 33 + v = p + c, 4*p - 340 = -5*c. What is the remainder when p is divided by 31?
28
Suppose 4 = 4*d - 3*d. Suppose -36 = -d*w + 2*b, -w = -0*w - 5*b. What is the remainder when 39 is divided by w?
9
Suppose n + 3*j = 18, 0 = -2*j - 2*j - 8. Suppose 0 = o + 2*o - n. Suppose 0 - o = -g. What is the remainder when 23 is divided by g?
7
Let b be (-12)/8*(-2 + 0). What is the remainder when 5 is divided by 0 + (b - 1) + 1?
2
Let v(b) = 6 + b**3 - 3*b - 5*b**2 + 0*b - 2*b + 0*b**3. What is the remainder when 35 is divided by v(6)?
11
Suppose 0 = -3*p + 9. Suppose -15 = p*f - 2*r, 0*r - 18 = 4*f - 2*r. Let z(j) = j**3 + 3*j**2 - 2*j + 2. Calculate the remainder when 30 is divided by z(f).
6
What is the remainder when 13 is divided by (-184)/(-24) - (-4)/(-6)?
6
Let i(j) = -j - 3. Let b be i(-2). What is the remainder when (-1)/4 - 75/(-12) is divided by b/((-2 - -1)/4)?
2
Let d = -3 + 1. Let f = 4 - d. Let a = -4 + 15. What is the remainder when a is divided by f?
5
Suppose 2*p - 5*p = -12. Suppose -p*m = -m - 105. What is the remainder when m is divided by 12?
11
Suppose -u = -4*u + 48. Calculate the remainder when 78 is divided by u.
14
Let x = -31 - -109. What is the remainder when x is divided by 21?
15
Suppose -2*d + 52 = 4*w, -2*d + 26 + 14 = 3*w. Calculate the remainder when 250/12 + (-5)/(-30) is divided by w.
9
Suppose -6*g = -g - 5, 0 = 2*h - 4*g - 104. Calculate the remainder when h is divided by 20.
14
Let p = 71 + -50. Suppose -48 + 6 = -7*j. Calculate the remainder when p is divided by j.
3
Calculate the remainder when 86 is divided by 7/(21/18) + 2.
6
Suppose s - 4*p = 21, -2*s = -3*s - 3*p. Suppose 0 = 3*h - 3, 2*o - 5*h + 3 = 8. What is the remainder when s is divided by o?
4
Suppose 3*m = m - 2*k + 84, -2*m + 3*k + 74 = 0. Calculate the remainder when m is divided by 21.
19
Let p(f) = 2*f**2 - 2*f - 12. What is the remainder when 20 is divided by p(4)?
8
Suppose -x + 50 = 4*x. Suppose b - 2*q - 4 = 0, 5*q = 2*b - 7 - 1. Calculate the remainder when x is divided by b.
2
Let w(t) = t**2 - 2*t + 1. Let i be w(-2). Suppose -4*p + i*p = 0. Suppose p = -g - 0*g + 55. What is the remainder when g is divided by 14?
13
Suppose -3*y + 10 + 163 = 4*j, y = 2*j + 71. Calculate the remainder when y is divided by 22.
19
Let t(u) = u + 38. Suppose 5*k = 3*r + 9, -3*k + r + 2 = -1. Calculate the remainder when t(k) is divided by 13.
12
Suppose 10 = 5*o, -28 = -2*a - o - 2. Suppose 0*w - 3*w = -a. Suppose w*u - 4 = 32. Calculate the remainder when 17 is divided by u.
8
Let m(w) = w**3 + 9*w**2 + 4*w - 1. Calculate the remainder when m(-7) is divided by 24.
21
Suppose 0 = 3*t - 0*t + 5*m - 363, 2*m = 3*t - 363. Calculate the remainder when t is divided by 31.
28
Suppose 0 = -c - n + 19, 2*n - 41 = -3*c + 13. What is the remainder when 62 is divided by c?
14
Let z = 0 - -1. What is the remainder when (z - 1 - -2)*1 is divided by 2?
0
What is the remainder when (-1)/4 + 265/4 is divided by 23?
20
Let h(i) be the first derivative of i**2 + 9*i + 3. What is the remainder when h(6) is divided by 6?
3
Let h = -1 - 10. Let k = h - -15. Suppose -k*z = -0*j + 3*j - 28, 2*z - 16 = -j. Calculate the remainder when 39 is divided by z.
9
Let l be (0 + 3)/(2 - 1). Suppose -w - 28 = -l*w. Let g = -40 + 67. Calculate the remainder when g is divided by w.
13
Let j(b) = 2*b - 20. Let k be j(11). Suppose -3*o - 7*l + 21 = -3*l, -38 = -4*o - k*l. Calculate the remainder when o is divided by 6.
5
Suppose 4*b - 9*b + 30 = 0. Calculate the remainder when b is divided by 4.
2
Let z = 156 - 127. Let j(h) = 85*h - 1. Calculate the remainder when j(1) is divided by z.
26
Suppose 4 = -5*v + 34. What is the remainder when 20 is divided by v?
2
Suppose -9*j = -4*j - 145. What is the remainder when 113 is divided by j?
26
Suppose -161 = -6*w + 49. Let n = 26 - 14. Calculate the remainder when w is divided by n.
11
Let m be (1 + -15)*(-1)/1. Suppose 0 = 5*w + m - 219. Calculate the remainder when w is divided by 14.
13
Let d(w) = -w**2 + w + 58. What is the remainder when d(0) is divided by 10?
8
Suppose 0 = -5*u + 5, -2*u + 59 = 2*n - 7. Suppose 255 = -0*s + 5*s. Suppose -4*o + o = -s. What is the remainder when n is divided by o?
15
Suppose c - 26 = -c. Let z(k) = k - 2. Let m be z(6). Calculate the remainder when 748/20 - m/10 is divided by c.
11
Let g(t) = -5*t**3 - 2*t**2 + 1. Let n = -3 - -2. Calculate the remainder when g(n) is divided by (-4)/6*(-18)/4.
1
Suppose -l = -4*l + 69. Calculate the remainder when l is divided by 12.
11
What is the remainder when 110 is divided by 516/20 + (-2)/(-10) - -2?
26
Let l = 5 - -6. Calculate the remainder when 20 is divided by l.
9
Let u be (1 - 0)/(5/10). Suppose -5*n - 2*w + 16 = 0, u*n = -0*n - 2*w + 10. Calculate the remainder when n is divided by 2.
0
Let a be 6*(-4)/(16/(-26)). Let k = a + -21. Calculate the remainder when 33 is divided by k.
15
Calculate the remainder when (-18)/15*5/(-3) is divided by 1.
0
Calculate the remainder when 26 is divided by 8/(-12) + 92/12.
5
Let z(u) = 9*u - 4. Calculate the remainder when 42 is divided by z(1).
2
Let s be (-4)/22 - (-52)/44. Let d(f) = 17*f. Calculate the remainder when d(s) is divided by 6.
5
Let v = -60 - -77. What is the remainder when 33 is divided by v?
16
Let o be 235/45 - 4/18. Suppose -1 = 2*n - o, 0 = -4*c - 2*n + 160. Calculate the remainder when c is divided by 21.
18
Let p(y) = 2*y**2 + y - 2. Let w be p(-2). Suppose -5*q = -z - 67, w*z - z - 23 = -q. What is the remainder when 27 is divided by q?
13
Let w(o) = 8*o**2 + o. Let d be w(-1). Let m(p) = -p**2 + 9*p - 10. Calculate the remainder when 6 is divided by m(d).
2
Let f = 11 + -5. Suppose 3*y = 4*t - 49, y = -5*t - 2*y + 41. Calculate the remainder when t is divided by f.
4
Let n = -314 - -534. Suppose -2*t - 3*t + 3*u = -n, 5*t = -4*u + 185. What is the remainder when t is divided by 14?
13
Let n = 1 - -3. Suppose 0 = 5*q - 284 + 64. What is the remainder when q is divided by 4/(-2) + (n - -13)?
14
Let z = 5 - -5. Let j(r) = r**2 + 5*r + 3. Let k be j(-5). Suppose -k*t - 57 = -6*t. What is the remainder when t is divided by z?
9
Suppose -47 = -8*v + 81. Suppose -5*f = -4*w + w - 43, -5*f + 63 = 2*w. Suppose 41 = l + f. What is the remainder when l is divided by v?
14
Calculate the remainder when 54 is divided by (-4 + (-18 - -3))/(-1).
16
Let u = -3 + 5. Suppose -u*i = -0*i - 10. Suppose -p + 2*p + i = -3*w, 3*p - 3*w = 45. What is the remainder when 29 is divided by p?
9
Let d = 105 + -50. Suppose j - 6*j + d = 0. Calculate the remainder when j is divided by 6.
5
Let d be 0/(1/(3/(-9))). Suppose 41 = y + y + x, -y + 5*x + 37 = d. What is the remainder when y is divided by 6?
4
Let j(v) = -v**3 + 10*v**2 - 7*v - 18. What is the r